en 1162 is divided by 175?
112
Calculate the remainder when 240 is divided by 35.
30
Calculate the remainder when 69004 is divided by 511.
19
Calculate the remainder when 27256 is divided by 13619.
18
Calculate the remainder when 14978 is divided by 3573.
686
Calculate the remainder when 116890 is divided by 281.
275
Calculate the remainder when 5671 is divided by 814.
787
Calculate the remainder when 3201 is divided by 164.
85
What is the remainder when 25224 is divided by 14?
10
What is the remainder when 522080 is divided by 139?
135
What is the remainder when 51103 is divided by 16?
15
What is the remainder when 146483 is divided by 27?
8
Calculate the remainder when 1238 is divided by 62.
60
Calculate the remainder when 29042 is divided by 212.
210
What is the remainder when 747 is divided by 562?
185
What is the remainder when 65854 is divided by 467?
7
What is the remainder when 3808 is divided by 381?
379
Calculate the remainder when 7996 is divided by 286.
274
Calculate the remainder when 496580 is divided by 49657.
10
Calculate the remainder when 168071 is divided by 131.
129
Calculate the remainder when 4895 is divided by 2421.
53
Calculate the remainder when 212366 is divided by 47.
20
What is the remainder when 59901 is divided by 48?
45
What is the remainder when 31032 is divided by 5042?
780
What is the remainder when 137256 is divided by 421?
10
What is the remainder when 400695 is divided by 11?
9
Calculate the remainder when 1046783 is divided by 928.
927
Calculate the remainder when 8395 is divided by 46.
23
Calculate the remainder when 2072 is divided by 413.
7
Calculate the remainder when 202746 is divided by 80.
26
What is the remainder when 879 is divided by 235?
174
Calculate the remainder when 2110 is divided by 2105.
5
Calculate the remainder when 253 is divided by 33.
22
Calculate the remainder when 369 is divided by 9.
0
Calculate the remainder when 382342 is divided by 235.
232
What is the remainder when 193 is divided by 138?
55
What is the remainder when 24594 is divided by 747?
690
Calculate the remainder when 5848 is divided by 25.
23
What is the remainder when 275 is divided by 80?
35
What is the remainder when 5740 is divided by 339?
316
Calculate the remainder when 22603 is divided by 19.
12
Calculate the remainder when 68480 is divided by 164.
92
Calculate the remainder when 415394 is divided by 21.
14
Calculate the remainder when 51694 is divided by 49.
48
What is the remainder when 53499 is divided by 26735?
29
What is the remainder when 11267 is divided by 17?
13
Calculate the remainder when 23729 is divided by 279.
14
What is the remainder when 110702 is divided by 68?
66
Calculate the remainder when 2745917 is divided by 16.
13
What is the remainder when 434874 is divided by 71?
70
Calculate the remainder when 10159 is divided by 41.
32
What is the remainder when 20309 is divided by 308?
289
Calculate the remainder when 2638 is divided by 567.
370
What is the remainder when 5823 is divided by 1?
0
Calculate the remainder when 9344 is divided by 1165.
24
What is the remainder when 1009 is divided by 68?
57
What is the remainder when 470048 is divided by 175?
173
Calculate the remainder when 249514 is divided by 2495.
14
Calculate the remainder when 1325 is divided by 338.
311
Calculate the remainder when 17052 is divided by 4.
0
Calculate the remainder when 4867 is divided by 1611.
34
Calculate the remainder when 31274 is divided by 54.
8
Calculate the remainder when 85662 is divided by 1530.
1512
Calculate the remainder when 3420 is divided by 715.
560
Calculate the remainder when 38358 is divided by 9558.
126
Calculate the remainder when 217298 is divided by 36212.
26
Calculate the remainder when 62949 is divided by 4841.
16
What is the remainder when 1163 is divided by 2?
1
What is the remainder when 1476 is divided by 305?
256
What is the remainder when 102028 is divided by 570?
568
Calculate the remainder when 25841 is divided by 1358.
39
Calculate the remainder when 70837 is divided by 23526.
259
Calculate the remainder when 2152 is divided by 147.
94
What is the remainder when 7725 is divided by 198?
3
Calculate the remainder when 100585 is divided by 428.
5
What is the remainder when 116918 is divided by 126?
116
Calculate the remainder when 7380 is divided by 672.
660
What is the remainder when 10629 is divided by 1734?
225
Calculate the remainder when 29645 is divided by 29.
7
What is the remainder when 102940 is divided by 387?
385
What is the remainder when 37865 is divided by 664?
17
What is the remainder when 903 is divided by 138?
75
What is the remainder when 763 is divided by 16?
11
What is the remainder when 58296 is divided by 911?
903
Calculate the remainder when 35132 is divided by 394.
66
Calculate the remainder when 13847 is divided by 338.
327
What is the remainder when 9171 is divided by 21?
15
What is the remainder when 6242 is divided by 85?
37
What is the remainder when 1420 is divided by 431?
127
What is the remainder when 158879 is divided by 52949?
32
What is the remainder when 3219 is divided by 31?
26
Calculate the remainder when 121649 is divided by 997.
15
Calculate the remainder when 96113 is divided by 47.
45
Calculate the remainder when 736022 is divided by 69.
68
What is the remainder when 8987 is divided by 1765?
162
What is the remainder when 7444 is divided by 240?
4
What is the remainder when 3929 is divided by 203?
72
Calculate the remainder when 644 is divided by 166.
146
Calculate the remainder when 7459 is divided by 7122.
337
What is the remainder when 634949 is divided by 510?
509
Calculate the remainder when 3478564 is divided by 1039.
1031
Calculate the remainder when 394 is divided by 103.
85
Calculate the remainder when 1745 is divided by 57.
35
What is the remainder when 69223 is divided by 34?
33
Calculate the remainder when 58962 is divided by 252.
246
What is the remainder when 5927532 is divided by 15?
12
Calculate the remainder when 638194 is divided by 127638.
4
Calculate the remainder when 27709 is divided by 1539.
7
Calculate the remainder when 8180 is divided by 4069.
42
What is the remainder when 173717 is divided by 10857?
5
What is the remainder when 393 is divided by 136?
121
What is the remainder when 30617 is divided by 12?
5
What is the remainder when 2600 is divided by 143?
26
Calculate the remainder when 196796 is divided by 32796.
20
What is the remainder when 19880 is divided by 9746?
388
What is the remainder when 133 is divided by 30?
13
Calculate the remainder when 40606 is divided by 20286.
34
Calculate the remainder when 45246 is divided by 24.
6
Calculate the remainder when 114983 is divided by 8844.
11
Calculate the remainder when 112774 is divided by 24.
22
What is the remainder when 2236 is divided by 88?
36
Calculate the remainder when 183527 is divided by 543.
536
What is the remainder when 31246 is divided by 15609?
28
What is the remainder when 6410 is divided by 2021?
347
What is the remainder when 5786 is divided by 952?
74
What is the remainder when 625 is divided by 118?
35
Calculate the remainder when 240444 is divided by 221.
217
Calculate the remainder when 423 is divided by 15.
3
What is the remainder when 34657 is divided by 6931?
2
Calculate the remainder when 2202 is divided by 226.
168
Calculate the remainder when 88955 is divided by 183.
17
Calculate the remainder when 3350 is divided by 1670.
10
What is the remainder when 625204 is divided by 607?
601
What is the remainder when 402 is divided by 314?
88
What is the remainder when 106389 is divided by 12?
9
What is the remainder when 2806 is divided by 62?
16
What is the remainder when 1163 is divided by 349?
116
What is the remainder when 749 is divided by 54?
47
What is the remainder when 24685 is divided by 24635?
50
What is the remainder when 957845 is divided by 17?
14
What is the remainder when 1112138 is divided by 185355?
8
Calculate the remainder when 1001617 is divided by 122.
119
What is the remainder when 4045 is divided by 167?
37
Calculate the remainder when 665 is divided by 279.
107
Calculate the remainder when 6686 is divided by 241.
179
What is the remainder when 4691 is divided by 2173?
345
Calculate the remainder when 6109 is divi